
Calculate the highest common factor of 26 and 832.
26
What is the greatest common factor of 102 and 816?
102
What is the highest common factor of 141 and 2491?
47
What is the highest common factor of 822 and 48?
6
Calculate the highest common divisor of 67 and 1.
1
What is the highest common divisor of 391 and 17?
17
What is the highest common divisor of 2512 and 48?
16
What is the highest common factor of 44 and 8?
4
What is the highest common divisor of 31 and 1?
1
What is the greatest common divisor of 1944 and 180?
36
Calculate the greatest common factor of 1521 and 63.
9
What is the highest common factor of 196 and 84?
28
What is the highest common divisor of 72 and 108?
36
Calculate the highest common divisor of 97 and 1552.
97
Calculate the greatest common divisor of 75 and 9075.
75
Calculate the greatest common factor of 1813 and 49.
49
Calculate the highest common factor of 29 and 928.
29
What is the highest common divisor of 284 and 12638?
142
Calculate the greatest common divisor of 74 and 14393.
37
What is the greatest common factor of 939 and 12?
3
Calculate the greatest common factor of 280 and 455.
35
What is the highest common factor of 1656 and 690?
138
What is the greatest common factor of 24 and 18?
6
What is the greatest common factor of 34 and 15521?
17
Calculate the greatest common factor of 675 and 81.
27
Calculate the greatest common factor of 116 and 290.
58
Calculate the greatest common factor of 588 and 42.
42
Calculate the highest common divisor of 748 and 44.
44
Calculate the greatest common factor of 272 and 340.
68
Calculate the greatest common factor of 64963 and 167.
167
What is the greatest common divisor of 19 and 13?
1
Calculate the highest common divisor of 581 and 7.
7
Calculate the greatest common divisor of 4384 and 32.
32
Calculate the highest common divisor of 416 and 10192.
208
What is the greatest common divisor of 44 and 1111?
11
What is the greatest common factor of 18 and 654?
6
What is the greatest common factor of 8 and 424?
8
Calculate the highest common divisor of 94 and 10058.
94
Calculate the greatest common divisor of 78 and 38454.
78
Calculate the greatest common factor of 253 and 44.
11
What is the greatest common factor of 1255 and 15?
5
What is the greatest common factor of 168 and 861?
21
Calculate the highest common factor of 3290 and 376.
94
What is the greatest common factor of 656 and 16?
16
What is the highest common divisor of 1048 and 9563?
131
What is the highest common factor of 850 and 25?
25
Calculate the highest common factor of 333 and 1776.
111
Calculate the greatest common divisor of 8526 and 1008.
42
Calculate the highest common factor of 141 and 12.
3
What is the greatest common factor of 407 and 11?
11
Calculate the greatest common factor of 237 and 1264.
79
What is the greatest common factor of 62 and 262?
2
Calculate the greatest common divisor of 95 and 17480.
95
What is the highest common divisor of 15 and 8655?
15
Calculate the greatest common factor of 40 and 430.
10
Calculate the greatest common factor of 141 and 3525.
141
What is the greatest common divisor of 30 and 46?
2
Calculate the highest common factor of 2667 and 42.
21
Calculate the greatest common divisor of 13788 and 12.
12
Calculate the greatest common divisor of 1240 and 360.
40
What is the greatest common factor of 429 and 24?
3
Calculate the highest common factor of 8 and 2488.
8
What is the highest common divisor of 518 and 222?
74
Calculate the highest common factor of 123 and 10004.
41
What is the highest common divisor of 1349 and 152?
19
What is the greatest common factor of 1207 and 2201?
71
What is the greatest common divisor of 7807 and 111?
37
What is the highest common divisor of 6 and 834?
6
Calculate the greatest common divisor of 98 and 392.
98
Calculate the highest common divisor of 490 and 630.
70
What is the highest common factor of 215 and 745?
5
Calculate the greatest common factor of 39 and 559.
13
What is the greatest common divisor of 85 and 425?
85
Calculate the greatest common factor of 4466 and 42.
14
Calculate the highest common divisor of 3440 and 80.
80
Calculate the highest common divisor of 1053 and 39.
39
What is the highest common divisor of 2607 and 99?
33
Calculate the highest common divisor of 30 and 94710.
30
What is the greatest common divisor of 75 and 450?
75
Calculate the greatest common divisor of 122 and 22326.
122
Calculate the highest common factor of 112 and 280.
56
What is the highest common divisor of 45060 and 60?
60
What is the highest common factor of 132 and 143?
11
What is the greatest common divisor of 20 and 10?
10
Calculate the greatest common factor of 560 and 60.
20
Calculate the greatest common divisor of 82 and 123.
41
Calculate the greatest common factor of 46 and 299.
23
Calculate the greatest common factor of 42 and 6486.
6
Calculate the greatest common factor of 7 and 3.
1
What is the highest common factor of 62 and 837?
31
What is the highest common divisor of 848 and 53?
53
What is the greatest common divisor of 36 and 657?
9
Calculate the greatest common factor of 54 and 2.
2
What is the greatest common factor of 50 and 155?
5
What is the greatest common factor of 32 and 18560?
32
What is the greatest common factor of 1311 and 1425?
57
What is the greatest common factor of 265 and 14893?
53
What is the greatest common factor of 1 and 335?
1
What is the greatest common factor of 3952 and 832?
208
Calculate the greatest common factor of 888 and 74.
74
What is the greatest common divisor of 65 and 14495?
65
What is the greatest common divisor of 8298 and 18?
18
What is the highest common factor of 13194 and 54?
18
What is the highest common divisor of 6036 and 12?
12
What is the greatest common factor of 1683 and 231?
33
Calculate the highest common divisor of 141 and 329.
47
What is the greatest common divisor of 112 and 476?
28
What is the greatest common factor of 12 and 1875?
3
Calculate the highest common divisor of 459 and 102.
51
Calculate the highest common divisor of 15365 and 105.
35
Calculate the highest common factor of 40 and 1336.
8
What is the greatest common divisor of 329 and 6439?
47
Calculate the greatest common divisor of 466 and 10.
2
What is the highest common factor of 154 and 84?
14
Calculate the highest common divisor of 138 and 180.
6
What is the highest common factor of 25312 and 448?
224
Calculate the greatest common divisor of 5472 and 855.
171
Calculate the greatest common divisor of 161 and 6923.
161
What is the greatest common divisor of 225 and 1800?
225
Calculate the highest common divisor of 117 and 5109.
39
Calculate the highest common factor of 368 and 11132.
92
Calculate the highest common factor of 117 and 897.
39
What is the greatest common factor of 135 and 120?
15
Calculate the highest common factor of 930 and 1674.
186
What is the highest common divisor of 102 and 270?
6
What is the highest common factor of 13 and 936?
13
What is the highest common factor of 856 and 321?
107
Calculate the highest common divisor of 10332 and 21.
21
What is the greatest common factor of 1050 and 100?
50
Calculate the greatest common divisor of 36 and 414.
18
What is the greatest common divisor of 3040 and 2470?
190
What is the greatest common divisor of 9393 and 372?
93
What is the highest common factor of 72 and 352?
8
What is the greatest common factor of 75 and 210?
15
Calculate the highest common factor of 8 and 3216.
8
Calculate the highest common factor of 2 and 190.
2
Calculate the greatest common divisor of 3 and 79.
1
What is the greatest common divisor of 64 and 1024?
64
What is the greatest common factor of 30 and 375?
15
What is the greatest common divisor of 348 and 87?
87
What is the greatest common factor of 273 and 39?
39
Calculate the highest common factor of 448 and 160.
32
What is the greatest common factor of 2366 and 1638?
182
Calculate the highest common divisor of 4439 and 299.
23
What is the highest common divisor of 3800 and 228?
76
What is the highest common divisor of 53950 and 332?
166
What is the greatest common factor of 340 and 20?
20
Calculate the highest common factor of 55 and 35.
5
What is the greatest common divisor of 90 and 35775?
45
Calculate the greatest common facto